 -4*t. What is the tens digit of t/(-12)*(-14 + -2)?
1
Let a(j) = -j**2 - 6*j + 3. Let s be a(-7). Let x = 5 + s. What is the units digit of 1 + 3 + -2 + x?
3
Suppose 0 = 4*v - f + 39, -4 = -v + f - 16. Let p be 1/3 - 240/v. Let b = -17 + p. What is the units digit of b?
0
Let h be (-1)/2 + 102/12. Let s(j) = -5 + 0 + 0 + j. What is the units digit of s(h)?
3
Let h(n) = -4*n - 2. What is the units digit of h(-3)?
0
What is the units digit of 2/(-4)*240/(-6)?
0
What is the tens digit of 3 + -7 + (-1 - -48)?
4
Let u = 15 + -9. Suppose -u = 3*k, 2*a - 4*a + 5*k = -44. What is the units digit of a?
7
Let l(m) = m**3 - 5*m**2 + 3*m + 1. What is the units digit of l(5)?
6
Suppose -6*q = -3*q - 6. Let a be -1*(-7 + q) + -2. Suppose 0 = -2*j - a + 11. What is the units digit of j?
4
Let i(v) = 15*v - 30. What is the tens digit of i(5)?
4
Let w(h) = 3*h**2 + 3. Let i(l) = -6*l**2 + l - 6. Let b(v) = 2*i(v) + 5*w(v). What is the tens digit of b(-2)?
1
Let p = 7 + -11. Let z = -2 - p. Suppose -6*w + 24 = -z*w. What is the units digit of w?
6
Suppose 0*c - 18 = -4*s + 2*c, 5*s - 2*c = 22. Suppose 4 = 5*b - s*b. What is the units digit of b?
4
Let p = -10 - -7. Let s = p - -5. What is the units digit of s?
2
Let h(u) = 2*u - 4. Let n be h(4). Suppose 2*o + 4*l = 6 + 16, -56 = -n*o - 2*l. Suppose -1 = j - 3*p, 2*p - 39 = -4*j - o. What is the units digit of j?
5
Let t = 31 - -123. What is the tens digit of t?
5
Let s(q) = -4*q**3 - q**2 - q - 1. Let w be s(-1). Let r be ((-4)/(-6))/((-2)/w). Let k = r + 2. What is the units digit of k?
1
What is the tens digit of 2/10 + (-5)/(25/(-399))?
8
Let h(p) = p**3 - p**2 + p + 3. Let m be h(0). Let o(i) = i - 5. Let c be o(6). Let l = m - c. What is the units digit of l?
2
Suppose -32 - 4 = -4*y. Let j = y + 4. What is the tens digit of j?
1
Let v(h) = 13*h**2 + 4*h - 3. Let x be v(3). Let f = x + -83. What is the units digit of f?
3
Let i(j) = j**3 + 12*j**2 - 2*j - 3. What is the units digit of i(-12)?
1
What is the units digit of (-1)/(-9)*-3*-171?
7
Suppose -k + 104 = 3*z, z + 0*z = 2*k + 30. Let x = -22 + z. What is the tens digit of x?
1
Let w = 408 + -260. What is the tens digit of w?
4
Suppose -j + 177 = -3*l, 0 = 4*j + 4*l - 445 - 295. What is the units digit of j?
3
Suppose 4 + 5 = 3*l. Let w be (-130)/(-8) + l/(-12). Suppose 3*x - 2*a + a - w = 0, -2 = -x + a. What is the units digit of x?
7
Let h(a) = 2*a**3 - 3*a**2 + 1. Let p be h(2). Suppose 5*g + 18 = 48. What is the units digit of g/p*15/6?
3
Let d = 4 + -6. Let t = d + 0. Let p = 2 - t. What is the units digit of p?
4
Suppose 32 = r - 261. What is the units digit of r?
3
Let n(f) = f**3 + 3*f**2 - 3*f + 5. Let p be n(-4). Let b be 2 + (2 + p)*1. Suppose -b - 1 = -3*z, -2*o - 4*z = -34. What is the units digit of o?
3
What is the tens digit of 4/10*(-45)/(-9) + 58?
6
Suppose -18*l + 28*l - 3440 = 0. What is the units digit of l?
4
Suppose 5*h = 12 - 2. Suppose 4*v + 0*m - 17 = m, 0 = 3*v + h*m - 21. Suppose -2*f = l - 5*f + 11, 4*f - 40 = -v*l. What is the units digit of l?
4
What is the tens digit of ((-3)/27)/((-1)/57)*3?
1
Suppose -5 - 4 = x. Let l = x + 22. What is the units digit of l?
3
Suppose 3*c + a = 128, 5*c + 0*a - a = 208. What is the units digit of c?
2
Let m(z) = 7*z**2 + z + 1. What is the units digit of m(-3)?
1
Let m be (-24)/(-9) - (-4)/(-6). Suppose m*u + 1 - 3 = 0. What is the units digit of u?
1
Let j = 1 + 1. Let f(u) = u**3 + u + 6*u**2 + j*u**3 - 3 - 4*u**3. What is the units digit of f(6)?
3
Suppose -2*d = -7*d + 140. What is the units digit of d?
8
Let n(r) = r**2 - 3*r - 1. Let s(x) = x**3 - 2*x**2 + 2*x - 2. Let f be s(2). Let h be -3*f*10/(-15). What is the units digit of n(h)?
3
Suppose -4*c - 5*q + 30 = 0, 3*c - 3*q - 14 = -c. Suppose -c*r + 51 = -2*r. What is the units digit of r?
7
Suppose 2*k = -1 - 3. Let i be k/(-4)*(-1 + 1). Suppose l - 6*l + 15 = i. What is the units digit of l?
3
Suppose 0 = 2*q + 6, 5*n - 319 = 4*q + 188. What is the units digit of n?
9
Suppose -3*k + 205 = j + 37, -2*k + 4*j + 126 = 0. Let n = k - 11. What is the units digit of n?
6
Let o(j) = 8*j**2 + 8*j + 11. What is the units digit of o(-6)?
1
Suppose -4*w + 569 = -191. What is the hundreds digit of w?
1
Suppose -4*n + 3*u = -156 - 42, n - 5*u - 41 = 0. What is the units digit of n?
1
Let o(h) = 4*h**2 - 5*h - 5. What is the units digit of o(-3)?
6
What is the tens digit of ((-36)/15 - -2) + (-2188)/(-20)?
0
Suppose 21 = 4*p - 5*z, 3*p + 2*z = -p + 14. Let y be (-2)/(((-16)/6)/p). Suppose 1 + y = 4*t. What is the units digit of t?
1
Let i(x) = -x**3 - 5*x**2 - 5*x - 2. Let q be i(-3). Let o = 8 + q. Suppose 0*c - 5*c - 4*t + 90 = 0, -o*t = -5*c + 55. What is the tens digit of c?
1
Suppose -15*b + 18*b - 15 = 0. Suppose -4*x - 22 = -b*x. What is the tens digit of x?
2
What is the tens digit of 45 - (-2 - (2 - 3))?
4
What is the tens digit of (106/3)/(3/9)?
0
Let f(v) be the third derivative of -v**4/8 + v**3/6 - v**2. Let s be (-5)/1 + 3/1. What is the units digit of f(s)?
7
Suppose 0 = -3*j + 6*j + 4*r - 7, -5*j + 6 = r. Let t = 2 - j. What is the units digit of t?
1
Let i(g) = g**3 + 6*g**2 + 3*g - 3. Let n(d) = -43*d**3 + 1. Let o be n(1). Let r be 38/(-14) + 12/o. What is the units digit of i(r)?
5
Suppose 4*u - p = 497, 5*u - p = 3*p + 613. What is the hundreds digit of u?
1
Let s = 4 - -1. Suppose -u + 0*u = -45. Suppose 5*w = -4*i + u, 0 = -i + w + w - s. What is the units digit of i?
5
Let t(x) = -2*x + 7. Let j be t(-7). Let q = j - 13. What is the units digit of q?
8
Suppose -24 = -3*u - 3*u. Suppose -3*z + 235 = u*a, 2*z = 3*a + 3*z - 170. What is the tens digit of a?
5
Let j(m) = 2*m**3 - 20*m**2 + 23*m - 12. What is the units digit of j(9)?
3
Let h(l) = -l**2 + 7*l - 4. Let q be h(7). Let r = -2 - q. What is the units digit of r?
2
Let v be (0/3 + -1)*-1. Suppose o - v = 1. What is the units digit of 1/2*(0 + o)?
1
Suppose z - 5 = 10. Suppose -2*s = 5*j - 3*s - 15, z = -3*s. Suppose -4 + 22 = j*y. What is the units digit of y?
9
What is the units digit of (((-80)/24)/((-4)/(-138)))/(-1)?
5
Suppose -4*x + 2 = -6. What is the units digit of x?
2
Let f = 1 - -4. Suppose 0 = s - 10*k + f*k + 16, 2*k = 3*s - 4. Suppose -s*z + 43 = 11. What is the units digit of z?
8
Let i = -462 + 648. What is the tens digit of i?
8
Suppose -3 = 5*q - 18. Suppose 1 + q = 2*l. Suppose z + 2 = 0, -l*h + 0*h = -z - 12. What is the units digit of h?
5
Suppose 0 = -4*t + 26 + 14. Let u(x) = x**3 - 10*x**2 - x + 10. Let v be u(t). Suppose 20 = -5*o, 5*p + 0*o - 2*o - 13 = v. What is the units digit of p?
1
Suppose -n + 6 = -c + 3*n, -2*c + 4*n = 0. Let y(l) = c*l - 2 + 5*l**2 - 8*l + 1. What is the units digit of y(-1)?
6
What is the units digit of 412/9 + (-10)/(-45)?
6
Suppose 2*f + f = 156. What is the tens digit of f?
5
Suppose -3*x + 19 = -0*x + 4*j, 4*x - 3*j - 67 = 0. Suppose -b - 3*n = -8*n + 24, -n + 3 = 0. Let d = b + x. What is the units digit of d?
4
Let t = 2 + -7. Let s(q) = -q + 1. Let o be s(t). Suppose o + 2 = v. What is the units digit of v?
8
Suppose 7*z = 2*z + 15. Suppose 5*a - 4*q = -7 + 25, -4*q = -4*a + 16. Suppose z*o - 5*c + 14 = 0, -4*o + 11 = a*c - 5. What is the units digit of o?
2
Let m(b) = -b + 7. What is the units digit of m(4)?
3
Suppose -36*k + 35*k = -29. What is the units digit of k?
9
Let y(r) = -r**2 - 8*r - 6. Let u(g) = -g - 4. Let x be u(0). What is the units digit of y(x)?
0
Let c(f) = f**2 - 5*f + 8. Let p(q) = -2*q - 4. Let n be p(-5). Let t be c(n). What is the units digit of (-48)/(-28) - (-4)/t?
2
Let v(f) = -21*f**3 + 2*f**2 - 1. Let a be v(-1). Let m = a - 16. What is the units digit of m?
6
Let t(z) = z**2 - 17*z - 2. What is the units digit of t(18)?
6
What is the units digit of (4220/28 - 0) + 4/14?
1
Let w(a) = 3*a + 5. Let t be w(4). Let c = 0 + t. What is the units digit of c?
7
Suppose 3*t + 30 = p, -4*p - p + 106 = -4*t. What is the units digit of p?
8
Let v be 1*(-3)/(-3) - -3. Suppose 5*w - 20 = 4*i + i, -20 = -2*w - v*i. What is the units digit of w?
6
Suppose 0 = -c - 4*c + 20. Suppose -4*n - 3*q - 96 + 234 = 0, 3*n = -c*q + 100. What is the tens digit of n?
3
What is the units digit of 1 + 1 + (-14 - -362)?
0
Let q be (-178)/(-14) + (-8)/(-28). Suppose 16*j = q*j + 33. What is the tens 